. Suppose 11*m = 14*m - j*r - 789, -5*m + 3*r = -1316. What is the units digit of m?
5
Let c(t) = 4*t**2 + 159*t - 294. What is the hundreds digit of c(48)?
5
Suppose 0 = r - 5*g - 2, 3*g - 6 = -3*r. Suppose r*j + 4*h = 74, 21 = 3*j - 4*h - 110. What is the units digit of j?
1
Suppose 14*z = -23297 - 23295. Let g = 4706 + z. What is the tens digit of g?
7
Let s(n) = 347*n + 90. Let a be s(3). Let g = -597 + a. What is the hundreds digit of g?
5
Let z = 67 - 65. Suppose -186 = z*j - 2344. What is the units digit of j?
9
Suppose 0 = -2*v + 2*m - 456, 2*v + m + 426 = -3*m. Let h = v + 505. Suppose h = 4*s - 4*b - 242, -8 = -2*b. What is the tens digit of s?
3
Let z = 1544 + -326. Let i = 2361 - z. What is the thousands digit of i?
1
Let v = -468 - -328. Let i = v - -234. What is the tens digit of i?
9
Let u(k) = -k + 22. Let f be u(13). Let i(j) = -j**3 + 9*j**2 - 7*j. Let x be i(f). What is the units digit of (-8)/(-14) + (-1287)/x?
1
Let d = -299 + 303. Suppose -d*z + 1943 = 3*v - 1058, v + 2989 = 4*z. What is the tens digit of z?
4
Let a = 63582 + -17178. What is the thousands digit of a?
6
Let m = 67357 + -36307. What is the hundreds digit of m?
0
Let y(h) = -h**3 - 19*h**2 + 2. Let w be y(-19). Let g be ((-1)/(2/(-4)))/(w/4). Suppose u - 99 = -2*k, -3*u + 76 = g*k - 217. What is the units digit of u?
5
Suppose 875*k - 6504659 = 756*k. What is the ten thousands digit of k?
5
Let l be 9/((-45)/(-10))*(-20632)/16. Let t = l - -3952. What is the units digit of t?
3
Suppose 4*j - 4*c - 1774 = 1422, 0 = 4*j - 3*c - 3201. What is the tens digit of j?
0
Suppose 3*p = -0*p + 39. Let d(j) = -3*j**2 - j - 3. Let k(c) = c**3 + c**2 - 8*c + 24. Let a(h) = 4*d(h) + k(h). What is the hundreds digit of a(p)?
1
Suppose 3*h - 12 = -h, -9*r - 4*h = -230529. What is the thousands digit of r?
5
Let c = -286 - -292. What is the units digit of ((-6157)/(-141))/(2/c)?
1
Let m(p) = p**3 - p**2 - p - 17. Let j be m(6). Let r = -14 + -26. Let t = r + j. What is the units digit of t?
7
Suppose 6*b - 229 - 191 = 0. What is the tens digit of (945/14)/15*b?
1
Suppose 5*l + 220057 = 52*p - 48*p, 55003 = p - 5*l. What is the units digit of p?
8
Let j(h) = -33*h - 4. Let l(p) = -32*p - 3. Let m(t) = 4*j(t) - 5*l(t). Let o(i) = 308*i - 12. Let c(y) = -32*m(y) + 3*o(y). What is the tens digit of c(3)?
8
Let u be -1 + 2262 + -60 + 64. Suppose -5*t = -8*t + u. What is the tens digit of t?
5
Let k = 31633 + -17877. Suppose -10*l - 4876 = -k. What is the tens digit of l?
8
Suppose 3*i + 189 = 4*z, 4*z - 5*i - 232 + 37 = 0. What is the tens digit of 20 + -18 - 4*z/(-2)?
9
Suppose p - 4 = 3. What is the units digit of (-766)/(p/(35/(-10)))?
3
Let w be 3 + -4 - 0/4. Let p be ((6 + -4 + 5)*w)/(-1). Suppose p*z - 360 = z. What is the tens digit of z?
6
Suppose 8075 = 11*b - 27136. What is the thousands digit of b?
3
Let n(t) = 3*t - 4. Let h be n(3). Suppose -4*r + 953 = a - 2939, r - 3*a = 986. Suppose -y = -2*l + 4*l - 389, y = -h*l + r. What is the hundreds digit of l?
1
Suppose 3*h - 16*o + 12*o - 3466 = 0, 0 = -3*o + 6. What is the thousands digit of h?
1
Let o(u) = 1427*u**3 - 8*u**2 + 33*u - 30. What is the ten thousands digit of o(2)?
1
Let i be (5/15*9)/1. Let r(c) = -41*c + i + 128*c - 2. What is the tens digit of r(1)?
8
Suppose -403*y + 435*y - 901224 + 75752 = 0. What is the hundreds digit of y?
7
Let y(g) = -g**3 + 4*g**2 + 5*g + 17. Let b be y(7). What is the units digit of (-608)/10*b/38?
2
Let s be 2/(40/15*1/4). Let h be (-1050)/(-33) + s - 2/(-11). What is the tens digit of 2096/28 - (-5)/h?
7
Suppose -4*o - 2*q + 49662 = 0, -13*q + 37245 = 3*o - 12*q. What is the hundreds digit of o?
4
Suppose 6*w - 2*w = 4628. Let a = 2357 - w. What is the tens digit of a?
0
Suppose w - 5*l + 43 - 4 = 0, 0 = -5*w - 4*l - 224. Let f = 35 + w. Let k(n) = -25*n - 6. What is the hundreds digit of k(f)?
2
Suppose 7*a - 45 = 2*a. Suppose 4*c - 118 = -3*r, 59 = r - 4*c + a. Let f = -25 + r. What is the tens digit of f?
1
Let v = -3 - 516. Let n = 0 - v. What is the hundreds digit of n?
5
Suppose -2*j - 1602 + 236 = -c, -2692 = -2*c - 4*j. What is the thousands digit of c?
1
Suppose -22*c + 12*c + 352590 = 25*c. What is the ten thousands digit of c?
1
Suppose -i = -5*j + 95, -3*i - 38 = -j + i. Let y(l) be the first derivative of -2*l**3/3 + 20*l**2 - 11*l + 7226. What is the units digit of y(j)?
1
Let q(x) be the first derivative of 23*x**2/2 + 53*x - 86. What is the tens digit of q(24)?
0
Suppose 25*s + 5 = 26*s. Suppose 3*z = 2*z - 4*l + 1040, 4*l = s*z - 5296. What is the thousands digit of z?
1
Suppose -3*v = 3*g - 6*v + 120, -144 = 3*g + 3*v. Let n = -44 + -59. Let z = g - n. What is the units digit of z?
9
Let y(q) = -q**2 + 19*q - 8. Let m be y(18). Suppose -m*c = -472 - 658. What is the hundreds digit of c?
1
Let v(t) be the first derivative of 17*t**3 + 15*t**2/2 + 58*t + 243. What is the tens digit of v(-4)?
1
Let t = -6852 - -12502. Suppose 7831 = 13*p - t. What is the thousands digit of p?
1
Suppose 3*b = 7*b - 4*a + 4336, 4*b + 3*a + 4371 = 0. Let k = b + 1574. What is the tens digit of k?
8
What is the tens digit of (-1160)/(-464)*26468/5?
3
Let w = 35 + -31. Suppose -64 = -3*r - 5*h + 6, -w*h = 2*r - 48. What is the units digit of (-8)/(-10) + 104/r?
6
Suppose -3*i = -5*j + 172126, j + 3*i = 29159 + 5295. What is the hundreds digit of j?
4
Let g(a) = -21*a**3 + 19*a**2 - 75*a - 10. What is the ten thousands digit of g(-9)?
1
Let m = 44684 + -30423. What is the ten thousands digit of m?
1
Let o = -84321 + 154236. What is the units digit of o?
5
Suppose 0 = 5*r + 2 + 43. Let x(k) = -k + 5. Let f be x(r). Suppose 284 = f*q - 10*q. What is the units digit of q?
1
Let d be 1 - (0 + 1 + 0). Suppose 4*n - 2*n + 8 = d. Let l(j) = j**3 + 5*j**2 + 3*j + 6. What is the tens digit of l(n)?
1
Let j = -42 - -42. Suppose -p = -2*f - 4, -3*p + j*f = 2*f + 4. Suppose 3*x - 6*x + 36 = p. What is the tens digit of x?
1
Suppose -20 = -r - 3*r. Suppose 3*i = -5*l + 48, -r*l + 3*i = -0*i - 72. Suppose d - l*d + 594 = 0. What is the tens digit of d?
5
Let t be -6*(-2)/4*109/1. Suppose -t + 2487 = 4*v. What is the units digit of v?
0
Let v = -20 + 21. Let a be 960/(-55) + (-42)/77. What is the units digit of (v + 1)*(-1359)/a?
1
Suppose -31*w + 26*w - 70 = 0. Let v(q) = -2*q**2 - 76*q + 15. What is the tens digit of v(w)?
8
Suppose 4*y = -0*y + 3*y. Suppose -33*c + 31*c + 14 = y. Suppose -5*h - 3*p + 90 = 0, -2*p + c*p - 55 = -2*h. What is the tens digit of h?
1
Let c(a) = 8*a - 6. Let j be c(1). Suppose -5*t + 930 = j*m, -3*t = -0*m + 3*m - 1377. What is the tens digit of m?
5
Let z(u) = u**3 + 10*u**2 - 4*u + 14. Let w be 170/15 - 8/6. Let o be 0 + -14 - (w - 14). What is the units digit of z(o)?
4
Let o(w) = 33*w + 5949. What is the tens digit of o(20)?
0
Suppose 21*c - 2052 = 20*c. Suppose -8*z = z - c. What is the hundreds digit of z?
2
Suppose -2*k - 3*u = -12629, -70*k + 3*u - 25273 = -74*k. What is the hundreds digit of k?
3
Suppose -2*z = -4*k + 3476, 0 = 4*k - 6*z + 11*z - 3490. Suppose -5*s = -2*a - 1089, -2*a = -4*s - 0*a + k. What is the units digit of s?
9
Let u(p) = -5*p - 104. Let z be u(55). Let h = 871 + z. What is the tens digit of h?
9
Let f(h) = -2*h**3 - 10*h**2 + 16*h + 42. Let a = 23 + -32. What is the tens digit of f(a)?
4
Suppose 5*w + 5 = -3*l, -2*l - 3*l = 4*w + 4. Let g(o) = -o**2 - o - 28. Let t be g(l). What is the units digit of -1 - 7/(t/192)?
7
Suppose -54 = -3*q + 4*j, 0*q = -3*q - 5*j + 54. Suppose -3*u - 10 = 5*x + u, q = 4*x - 2*u. What is the units digit of x + ((-364)/(-8) - 1/(-2))?
8
Let j(f) = 11*f**2 + 79*f - 2. What is the hundreds digit of j(-46)?
6
Suppose 0 = i - 5*c - 1864 - 2150, -5*i + 20175 = -4*c. Suppose -24*l + 4*w = -21*l - 2415, -i = -5*l + 2*w. What is the units digit of l?
9
Let x(k) be the first derivative of k**4/4 + 49*k**3/3 - 17*k**2/2 - 116*k + 44. What is the units digit of x(-49)?
7
Let b = -21 - -24. Suppose -j + b*p + 198 = -115, p = 5. Suppose -8*q + 12*q - j = 0. What is the tens digit of q?
8
Let x = 4292 - -4182. What is the hundreds digit of x?
4
Let c(t) = 12*t**3 - t**2 - 1. Let w(n) = 2*n**3 + 5 + n + 4*n**2 + 8*n**2 - 4*n**2 + 0*n**3. Let o be w(-4). What is the tens digit of c(o)?
1
Let u = 29 - -16. Suppose -43 = 